d m.
20
Let r(s) = -s**2 - 198*s + 76. Let y be r(0). Let d be (-4)/(-10) + (-18)/(-5). Calculate the greatest common divisor of d and y.
4
Suppose -20*t - 9*t + 1392 = 0. What is the greatest common divisor of 108 and t?
12
Suppose 4*s - 10 = -s. Suppose s*d = d + 4. Let r(j) = -4*j. Let c be r(-1). What is the highest common factor of c and d?
4
Let x(v) = -141*v - 14. Let u be x(-3). Suppose 4*r - u = -5*m, 4*r + 107 = m + 6. Calculate the greatest common factor of m and 34.
17
Let c(n) = -2*n + 56. Let q be c(22). Let h = -19 - -115. Calculate the greatest common factor of q and h.
12
Let c(b) = b**3 - 33*b - 6. Let q be c(8). Calculate the greatest common divisor of q and 22.
22
Let d(v) = -v - 7. Let k be d(-16). Suppose k*z - 4*z - 185 = 0. What is the greatest common factor of 407 and z?
37
Suppose 66*t = 44*t + 40700. What is the highest common factor of 74 and t?
74
Let d(c) = 12*c - 126. Let r be d(11). What is the highest common factor of r and 654?
6
Suppose -2*a + v = -103, -5*v + 32 + 3 = a. What is the highest common factor of a and 650?
50
Let q be 87/6 + (-1)/2. Suppose 3*g - g = 4*o - q, -g - 5 = -o. What is the greatest common factor of 1 and o?
1
Let k(h) = 3*h**3 + 3*h**2 + 3*h. Let b be k(-2). Let p be b/(-42) - (-249)/7. What is the greatest common factor of 24 and p?
12
Let q be 2 - 12/(-8)*2. Let g = 7 + q. Suppose 3*n - 5*u = -42 + 175, -n + 16 = 4*u. Calculate the greatest common divisor of g and n.
12
Let k be (-18)/(34/20 + -2). Suppose -4*i = -3*w - 180, -15*i + 5*w = -11*i - 180. What is the highest common factor of i and k?
15
Suppose 5*y - 11 = 5*p + 2*y, -4*p - 4*y + 4 = 0. Let m be 7 - (0 - 2 - p). What is the highest common divisor of 1 and m?
1
Let i(h) = h**3 - 22*h**2 + 44*h - 60. Let w be i(20). What is the greatest common factor of w and 30?
10
Let l(u) = 81*u. Let g be l(1). What is the highest common factor of g and 54?
27
Let f = 54 - 157. Let n = f + 124. What is the highest common factor of 1 and n?
1
Let v = 29 - 17. Let o(w) = -2*w**2 - 30*w - 16. Let m be o(-8). Calculate the greatest common factor of m and v.
12
Let s = 905 - 727. Calculate the greatest common factor of s and 445.
89
Let b = 5 + -3. Suppose b*w - w = -41. Let g = 13 - w. Calculate the highest common divisor of g and 27.
27
Let a(m) = -m**2 - 16*m - 34. Let h be a(-8). Suppose 0*t + t - 3*z - 24 = 0, 3*z - 36 = -3*t. Calculate the greatest common divisor of h and t.
15
Let m be (55/(-10))/(2/(-12)). Suppose 5*v - 70 = -4*s, 4*v + 10 = -v. Let x = 31 - s. Calculate the highest common factor of x and m.
11
Let n(b) = 3*b**2 + 2*b - 1. Let x be n(1). Suppose -x*h = -7*h + 30. Calculate the highest common factor of h and 10.
10
Suppose -3*w = -31 - 2. Suppose 3*z + 7*n = 4*n + 24, 2*z + 5*n - 7 = 0. What is the greatest common divisor of z and w?
11
Let p = -9 + 14. Suppose p*x = -2*d - 15, 2*d - 2*x - 3 = -x. Suppose d*c + 60 = 4*c. Calculate the greatest common factor of c and 15.
15
Suppose -6*p = -36 + 12. Suppose 247 = q - u, -p*u - 992 = -4*q - u. Let z = 471 - q. What is the greatest common divisor of 20 and z?
20
Let s(a) be the first derivative of a**4 - 3*a**2 + 5*a - 19. Let u be s(3). Calculate the highest common divisor of u and 5.
5
Suppose -t - 5 - 4 = 0. Let m = 321 - 324. Let x be -3*m/t*-11. What is the highest common factor of 33 and x?
11
Let y(t) = t**3 + 7*t**2 - 6*t - 10. Suppose -4*l - 28 = -0. Let o be y(l). Suppose 16 = d - o. What is the greatest common divisor of d and 6?
6
Suppose 0 = 26*w - 19*w - 3822. Calculate the greatest common divisor of w and 84.
42
Suppose 0 = 4*j + 20, -s + 859 = s + j. What is the greatest common factor of s and 48?
48
Let p(s) = -2*s - 21. Let t be p(-13). Suppose t*c - 3*u = -u + 13, 0 = -2*c + u + 5. Let m be (3 - c/2)*2. Calculate the greatest common divisor of m and 33.
3
Suppose -7*s + 3*s + 2604 = 4*l, 5*s - 3228 = 4*l. Suppose s = 7*n - 3*n. What is the greatest common factor of 18 and n?
18
Suppose -22 = 4*d + 14. Let k = d + 26. Let f be ((-170)/2)/(-1 + 0). What is the highest common divisor of k and f?
17
Suppose 4*w = 5*r + 26, 5*w + 4*r - 4 = 2*w. Suppose -5*f = 3*q - 38, -2*f = f - w*q - 46. Calculate the greatest common factor of f and 10.
10
Let g = -14 - -32. Calculate the highest common factor of g and 48.
6
Let t = -58 - -86. Let l be (-13)/((t/8)/(-7)). Let z be 1 + (-4)/6*-57. Calculate the highest common factor of z and l.
13
Suppose 41*f + 5080 - 24268 = 0. What is the greatest common divisor of f and 26?
26
Let w be (-81)/(-10) - ((-290)/100)/(-29). What is the greatest common factor of w and 648?
8
Let b be (10/(-6))/(2/(-6)). Suppose -2*u + 78 = -b*y - 0*y, 2*u - 14 = y. Let d be -4*4/y + 11. What is the highest common factor of d and 2?
2
Let y = 442 - 270. Let w = 257 - y. Calculate the greatest common divisor of 34 and w.
17
Suppose 6*s + 40 = 11*s. Let a = s - -22. Suppose 0 = -4*m - j + 281 - a, 5*j + 131 = 2*m. What is the highest common divisor of m and 7?
7
Suppose 139 + 9222 = 11*g. Calculate the greatest common divisor of 37 and g.
37
Suppose 3472 = 36*p - 4808. What is the greatest common divisor of p and 92?
46
Let d(r) = -r**3 + 4*r**2 + 21*r - 4. Let u be d(6). Calculate the highest common factor of u and 650.
50
Let a be 7/2*(-12)/(-42). What is the highest common factor of 29 and a?
1
Suppose h + 13 - 17 = 0. Let x be ((-5)/h*-1)/(2/8). Let v be (1 - (-3)/2)*10. What is the highest common factor of v and x?
5
Let n(j) = -j**2 + 8*j + 25. Let m be n(9). Let l = -5 - -14. Let u = m - l. Calculate the highest common factor of 77 and u.
7
Suppose -96 = -2*q - 2*q. Let n be -6*2*(-5)/20. Suppose -504 = n*g - 10*g. What is the greatest common factor of g and q?
24
Suppose 0 = 16*v - 9*v - 385. What is the highest common factor of v and 33?
11
Suppose 348 = 4*f + 4*a, -4*a + 63 = -2*f + 207. Let d = f + -60. Calculate the greatest common divisor of d and 55.
11
Suppose i - 124 = -i + 4*f, -i - f = -65. Calculate the highest common factor of i and 4.
4
Suppose 0 = -50*j + 4576 + 7124. What is the greatest common divisor of 26 and j?
26
Suppose -3*t = -t. Let g be (-122 - -3)*(t + -1). Suppose 0*b - 85 = -5*b. What is the greatest common divisor of g and b?
17
Suppose -5*x = 4*o - 1342, 24*x = 3*o + 28*x - 1007. What is the greatest common divisor of 9 and o?
9
Let g(y) = y**3 - 12*y**2 + 22*y - 114. Let r be g(15). What is the greatest common factor of r and 11?
11
Suppose -4*j = -2*j - 2*d - 12, 22 = 3*j - 4*d. Suppose -j*f = -26 - 14. Let p be (-9)/(-1) + 1 + 0. Calculate the highest common divisor of p and f.
10
Let m(o) = -2*o. Let h be m(-5). Let u(b) = -11*b + 21. Let t be u(12). Let g = t - -191. What is the greatest common divisor of g and h?
10
Let h be 6/(-3)*12/(-8). Suppose -h*v + 3*c = -84, 4*v + 0*c = 5*c + 116. What is the greatest common divisor of 60 and v?
12
Let v = 4 + 18. Suppose -89*x + 11*x + 4290 = 0. What is the greatest common factor of x and v?
11
Let z(b) = -2 + b - 14*b - 3*b**2 + 2*b**2. Let n be z(-12). Suppose 3*g - 3 = 4*t - 1, -5*g = -5*t - n. What is the highest common divisor of g and 6?
6
Suppose p = 282 - 266. Calculate the highest common factor of p and 3728.
16
Suppose 5*n + p + 7 = 0, -7*p - 13 = 3*n - 2*p. Let c be 2*65 + -2 + n. Suppose 2*f + 15 = c. Calculate the highest common divisor of 8 and f.
8
Suppose 3*l = -2*l - 75. Let n(m) = -2*m. Let o be n(l). What is the greatest common factor of o and 10?
10
Suppose -3*y + 1288 = 532. Suppose -y = -8*f + 2*f. Let m(z) = z**3 + 5*z**2 + z + 2. Let g be m(-4). What is the highest common divisor of g and f?
14
Suppose -5*i + 6*i - 2*i = 0. Let u be (-10)/3*(24/(-1) + i). Calculate the highest common factor of u and 32.
16
Let s(h) = -h**2 + 7*h + 11. Let t be s(9). Let a be t/(182/(-152)) - (-6)/39. Let m = -11 + 29. Calculate the highest common factor of m and a.
6
Let w be (-5)/70*-12*7 + 36. What is the highest common factor of 154 and w?
14
Let t(h) = 11*h**2 + 5*h + 6. Let f be t(-3). Calculate the greatest common divisor of f and 90.
90
Suppose -4*k = -5*c - 729, 0 = -4*k - 51*c + 49*c + 694. Calculate the greatest common factor of k and 66.
22
Suppose 0 = 53*u - 52*u - 1339. Calculate the highest common divisor of u and 13.
13
Let a(p) = -p**